 + z**2 - 5 + 2. Give s(-3).
-3
Let f(p) = -4*p**2 - 4*p + 4. Let d(a) = 5*a**2 + 3*a - 5. Let j(m) = 3*d(m) + 4*f(m). Determine j(-4).
13
Let u(h) = -2*h - 1. Suppose -23 - 25 = 4*o. Let y = -13 - o. Determine u(y).
1
Let t(c) = -2*c**2 - 2*c + 1. Let s = -20 + 18. Determine t(s).
-3
Let u(d) = d**3 + 3*d**2 - 2*d + 3. Suppose -5*m - 24 = -74. Suppose -3*t + m = 22. Determine u(t).
-5
Suppose 2 = -2*x - 2*w - 2, -x + 2 = 5*w. Let o(r) = 5*r**2 + 5*r + 1. Let q(k) = -6*k**2 - 6*k - 1. Let g(f) = x*o(f) - 2*q(f). Determine g(-2).
-7
Suppose 7*t - 40 = -13*t. Let m(n) = -3*n**3 + 3*n**2 + n - 2. Determine m(t).
-12
Let w(n) = n**2 - 2*n**2 + 3 + 3*n + 2*n**2 - n. Suppose -11 = 4*r + 1. Give w(r).
6
Let r(c) = -2 - 6*c - 3*c - c**2 + 0*c. Calculate r(-8).
6
Let q(c) = -c - 2. Let o(b) = -2*b**2 + 5*b - 7. Let a be o(2). Let j be a/(-20) + (-42)/8. Determine q(j).
3
Let c(v) = 6*v**3 - 9*v**2 + 4*v - 2. Let y(t) = -t**3 + 1. Let p(d) = c(d) + 5*y(d). Determine p(8).
-29
Let z(c) be the second derivative of -c**6/120 - c**5/30 + c**4/8 - c**3/6 + 2*c**2 + 4*c. Let f(d) be the first derivative of z(d). Calculate f(-3).
-1
Let o = 12 + -7. Let b(r) = -o*r + 1 + 6*r + 0. Suppose j + z + 3 = -3, -4*j - 2*z - 14 = 0. Calculate b(j).
0
Let i be (4 + -6)/(4/(-6)). Suppose -i*z = -2*z - 5. Suppose 4*w + 5*d + 24 = 0, z*w - 21 = 5*d - 6. Let l(t) = 3*t. Calculate l(w).
-3
Let m(x) = x - 5. Let a(k) = 3*k - 29. Let t be a(11). Give m(t).
-1
Let t(z) be the third derivative of z**4/8 + z**3/2 - 13*z**2. What is t(-3)?
-6
Let k(m) = 3*m + 1. Let l(g) = -2*g + 16. Let i be l(7). Let a be (-5)/(i - (4 + -3)). What is k(a)?
-14
Let d be (4 - 1)*(-4)/6. Let m(v) = -2*v**2 - 2*v + 2. Calculate m(d).
-2
Let a(r) = r - r - 4 - r. Let k be 2*(-1)/1 - -11. Suppose -6*s = -k*s - 18. Calculate a(s).
2
Let v(i) = 4*i + 2. Let z be 4/4*(-2)/2. Let j be (-2)/z + -1 + 1. Suppose -h - 2*m - j = h, 5*m = -3*h - 9. Give v(h).
10
Let k(b) = b**2 + b + 3. Let w be k(3). Let h be (-6)/w - (-44)/10. Let d(q) be the first derivative of -q**2/2 + q - 2. Calculate d(h).
-3
Suppose -7*i + 3*i = 0. Let u(d) = i - 2 + 6 + 1 - d. Suppose 20 = 3*j + 2*j. Calculate u(j).
1
Let i(d) = d + 4. Let r be ((-2)/(-3))/((-6)/27). Let u be i(r). Let b(z) = -6*z**3 - z + 1. Calculate b(u).
-6
Suppose 5*w = 3*w - 12. Let r = w + 5. Let p(s) = 3*s. What is p(r)?
-3
Let r(l) = -9*l + 3. Suppose 5*z - 11 + 1 = 0. What is r(z)?
-15
Let h(m) = -84 + 91 + 3*m**2 - 5*m - 2*m**2. Give h(4).
3
Let t(k) = 1. Let h(b) be the second derivative of 2*b**3/3 - 3*b**2/2 + 3*b. Let c(w) = h(w) + 4*t(w). Suppose -5*r + 4 = -1. Give c(r).
5
Let u(d) = -3*d + 7. Let l = -2 + -7. Let j be 9/(-6)*30/l. Calculate u(j).
-8
Let b(i) = 18*i - 5 - 10*i - 9*i. Determine b(0).
-5
Let v(o) = -2*o + o - o**2 + 5*o + 6. Let j be (2/6)/(1/15). Determine v(j).
1
Let a = 67 - 60. Let q(c) = -c**2 + 6*c + 6. Calculate q(a).
-1
Let a be (-4)/(-6)*-3 - -5. Let r(z) = -z**3 - z**2 + 0*z**2 + 2*z**2 - 5*z**2 - a*z - 2. Give r(-3).
-2
Let z(b) be the third derivative of b**5/60 + b**4/12 + b**3/6 - 32*b**2. Give z(3).
16
Let i(s) = s**2 - s - 10. Let p be i(4). Let u be 1*(6/2 - 0). Let a(l) = p + 4*l + 4 - u*l - 1. What is a(-6)?
-1
Let g = -11 + 12. Let v(h) = -2*h + 0*h - 5*h. Give v(g).
-7
Let p(z) = -z**2 - 4*z - 3. Let m(y) be the third derivative of -y**5/60 + y**4/4 + y**3/3 + 4*y**2. Let d be m(6). Let t be 28/(-8) - d/4. Give p(t).
-3
Let q = 13 + -5. Suppose -2*l + 6*l = -q. Let r(d) = d**3 + 3*d**2 - 12 + 10 + d**2. What is r(l)?
6
Let z be 1/(-2) + (-5)/10. Let j = z - 3. Let f(s) be the third derivative of -s**5/60 - s**4/6 - s**2. Determine f(j).
0
Let v(h) = 13*h + 10*h - 24*h + 4. Suppose -5*q + 40 = -5*i, -3*i - 16 = q - 2*q. Determine v(i).
8
Suppose 5*p = 4 + 1. Let k(v) = -v**3. Calculate k(p).
-1
Let w be (-2)/(-9) + ((-420)/(-54) - 6). Let g(q) = q**2 - 2. Determine g(w).
2
Let c(l) = -l. Let n(q) be the first derivative of -q**3/3 - q**2/2 + 4*q + 1. Let r be n(-3). Let b(i) = -i**2 + i - 1. Let a(x) = r*c(x) + b(x). What is a(4)?
-5
Let a be 2 - ((-12)/2 + 3). Let d(o) be the third derivative of o**5/60 - o**4/8 - o**3/2 + o**2. Determine d(a).
7
Let m(y) be the third derivative of y**6/360 - y**5/24 + y**4/8 - 4*y**3/3 + 3*y**2. Let c(g) be the first derivative of m(g). Give c(3).
-3
Let b(w) be the second derivative of w**4/12 - w**3 - 5*w**2/2 + 5*w. Determine b(6).
-5
Let w(s) = -24*s - 32 + 30 - s**3 + 10*s**2 + 16*s. Give w(9).
7
Suppose -4 = -8*u + 12. Let l(f) be the second derivative of -1/6*f**3 + 0 + 1/2*f**2 + u*f. Determine l(6).
-5
Let l(v) = -v + 11. Let n be (-5)/(-4) - (-6)/(-24). Let r = 6 - n. Give l(r).
6
Let v = -95 + 90. Let y(m) be the first derivative of -m**2/2 + m + 2. Calculate y(v).
6
Let f be (-30)/(-8) + 6/24. Let l(a) = a**3 - 6*a**2 + 5*a + 3. Calculate l(f).
-9
Let s(g) be the first derivative of -g**3/3 + g**2/2 + 7*g + 5. Give s(5).
-13
Let r(z) = z + 11. Let t be r(-8). Let v be 1/t + (-7)/3. Let d(m) = -3*m + 1. Calculate d(v).
7
Let j be -1*(2 + -1 + 0). Let n(a) = -2*a**2 - a - 1. Let g be n(j). Let h = 7 + g. Let z(f) = f**2 - 7*f + 3. What is z(h)?
-7
Let i be (3 - 4) + -2 + -1. Let y(r) = -r**3 - 5*r**2 - 4*r - 5. Calculate y(i).
-5
Suppose 2 - 34 = 4*w. Let q = 4 + w. Let t(o) = -o**3 - 5*o**2 - 4*o + 4. Determine t(q).
4
Let y(l) = 4*l**3 - 2*l**2 - 7*l - 4. Let c(g) = 7*g**3 - 5*g**2 - 13*g - 7. Let h(u) = 3*c(u) - 5*y(u). Determine h(5).
-21
Let d(y) be the third derivative of y**2 + 0*y - 1/3*y**3 + 0 - 1/24*y**4. Calculate d(-3).
1
Suppose u = -2*x - 114 + 35, -u + 44 = -x. Let m = -11 - x. Suppose 0*j = -4*h - 5*j + 13, m = -5*h + 3*j. Let s(v) = -v**2 - 4*v - 1. What is s(h)?
2
Let u(o) = -6*o**2 + 2*o + 3. Let a be u(-1). Let l(d) = d**3 + 6*d**2 + 6*d + 4. Give l(a).
-1
Let o(k) = -k + 6. Let i(d) = 0*d + 16 - 4 + 5 - 3*d. Let j(h) = -6*i(h) + 17*o(h). What is j(7)?
7
Let m(r) = 5*r - 21*r**2 + 5 + 6 + 16*r**2 - 12 - r**3. Give m(-6).
5
Suppose -7 = -3*g - 3*i - 19, -2*i - 8 = 3*g. Let z(c) be the first derivative of 1 + c**2 - 6*c + g*c + 2*c. Determine z(3).
2
Let m(j) = 6*j + 1. Let b(c) = -8*c + 1. Let v be b(1). Let x = v + 6. Calculate m(x).
-5
Let v(s) = 3*s**3 - 26*s**2 + 20*s - 26. Let n(i) = i**3 - 9*i**2 + 7*i - 9. Let b(w) = 11*n(w) - 4*v(w). Give b(4).
9
Let x(j) be the first derivative of j**3/3 + 5*j**2/2 - j + 3. Let f(u) be the third derivative of -u**4/24 + u**3/3 + 2*u**2. Let c be f(7). Calculate x(c).
-1
Let h(u) be the first derivative of -u**4 + 16*u**3/3 + 33*u**2/2 - 16*u - 3. Let f(r) = -r**3 + 4*r**2 + 8*r - 4. Let m(t) = 9*f(t) - 2*h(t). What is m(5)?
1
Let x(r) = -2*r**2 - 7. Let g(p) = -p**2 - 3. Let u(d) = -5*g(d) + 3*x(d). Suppose 4*n = 3*y + 20, -2*y + 3*n - 11 = 4. Suppose y = w - 5*w. Give u(w).
-6
Let r(d) = d**3 - 6*d**2 - d + 1. Suppose 8*k - 9*k + 6 = 0. Give r(k).
-5
Let b(p) = -p + 0 + 2 - 1. Suppose -5*h + 1 = 2*g + 16, 5*h = g. Determine b(g).
6
Let k(s) = 6 - 2 - s + 3*s - 5. Calculate k(7).
13
Suppose 0 = -b - 1 - 4. Let f(k) = k**2 + 5*k - 5. What is f(b)?
-5
Let n(c) = -2*c**2 - 2*c. Let x be n(1). Let m(l) = l**3 + 4*l**2 - l - 3. What is m(x)?
1
Let s = -14 - -4. Let k = -7 - s. Suppose 3*o = -f - o + 4, 10 = -k*f - o. Let n(m) = -m**3 - 3*m**2 + m - 4. Give n(f).
8
Suppose 5*o + 25 = 0, -5*k + 3*o = -2 - 3. Let i(n) = -n - 2. Let d be i(k). Suppose d = -0*j + 4*j + 8. Let x(c) = -3*c + 2. Determine x(j).
8
Let p(x) = x**3 - x**2 - x - 1. Let o(k) = 7*k**3 - 12*k**2 - 7*k + 2. Let r(z) = o(z) - 6*p(z). Determine r(6).
2
Suppose -52 = -2*j - 20. Suppose -5*p + j = -19. Let k = p - 12. Let c(h) = h**2 + 4*h - 6. What is c(k)?
-1
Let w be (-2)/5 - 256/(-40). Let j = -2 + w. Suppose 3*b - j*b - 2 = 0. Let g(m) = -m**3 - 2*m**2 + m + 2. Calculate g(b).
0
Suppose -w = 14 - 4. Let p(c) = c**3 + 9*c**2 - 11*c - 7. Let i be p(w). Let t(z) = z**2 - 4*z. Calculate t(i).
-3
Suppose 2*f - f - 2*c - 7 = 0, 4*f = -4*c + 4. Let y(i) = -4*i**f + 0 + 0 - 1 + i - 10*i**3. Give y(1).
-14
Let x(o) = -15*o**3 - 13*o**2 - 2. Let u(y) = -7*y**3 - 6*y**2 - 1. Let l(z) = -13*u(z) + 6*x(z). Let d be 1 + (5 - 3) + -1. Determine l(d).
9
Let t(u) be the second derivative of u**5/30 + u**4/8 - u**3/3 - u. Let c(b) be the second derivative of t